 when 427/11 - 30/(-165) is divided by (9/m)/(9/60)?
9
Let z = 886 - 872. Suppose -38 = -2*d + 44. Calculate the remainder when d is divided by z.
13
Let n = -1891 + 1922. Calculate the remainder when 152 is divided by n.
28
Suppose -o + b = -2, -5*o + 16 = -0*o - 3*b. Suppose -33 = o*z + 32. Let r = z - -23. Calculate the remainder when r is divided by 6.
4
Let f(n) = n**2 + 4*n - 1. Suppose 2*j + 3*j + 20 = 0. Let o be f(j). Let l(d) = -61*d + 1. Calculate the remainder when l(o) is divided by 16.
14
Suppose 70 = 3*j - 5. Calculate the remainder when 145 is divided by j.
20
Let r(t) = -37*t + 6. Let k be r(-3). Suppose 2*y = -y + k. What is the remainder when y is divided by 21?
18
Calculate the remainder when 81 is divided by (3/(-1))/(5/(1190/(-42))).
13
Let c(n) = 17*n - 11. Let y(x) = -16*x + 11. Let g(q) = 4*c(q) + 5*y(q). Let i be g(5). Let m = i - -134. Calculate the remainder when m is divided by 29.
27
Let a(q) = q**3 + 7*q**2 - 8*q - 1. Let o be a(-8). Let y be o/(-4) + 35/4. Let z = 11 - y. Calculate the remainder when 5 is divided by z.
1
Let f = 2384 - 2347. What is the remainder when 380 is divided by f?
10
Let b(a) = -9*a + 23. Calculate the remainder when b(-17) is divided by 15.
11
Suppose 0*i - 5*i + 95 = 0. What is the remainder when -1 + ((-4)/(-6) - 1500/(-45)) is divided by i?
14
Calculate the remainder when 55 is divided by 19 + 3 - (4 - 1).
17
Suppose 3*l + 8 = -l, x - 5*l = 168. What is the remainder when x is divided by 18?
14
Let y = 365 + -305. Calculate the remainder when 1078 is divided by y.
58
Let v = 19 + -20. What is the remainder when 46 is divided by 3 + 3*(v - -2)?
4
Let t(o) = -o**2 - 5*o + 64. Let x be -18*(-5)/(-6)*-2. Suppose -x + 4 = -y. Calculate the remainder when y is divided by t(-10).
12
Let h = -9505 + 9516. What is the remainder when -2*(-154)/2 - 1 is divided by h?
10
Suppose 9*b - 5*b + 16 = 0. Calculate the remainder when (-1)/(2/(-47 + (-4)/b)) is divided by 2.
1
Suppose 64*w - 11267 = 6973. What is the remainder when w is divided by 45?
15
Suppose -r + 27 = 2*r. Let m = 147 - 246. Calculate the remainder when (2 + -1)/((-3)/m) is divided by r.
6
Let w be ((-3)/((-3)/50))/((-1)/(-6)). Suppose 5*f - 3*j - w = 0, f + 3*f = -2*j + 262. Calculate the remainder when f is divided by 11.
8
Suppose -30 = -p - 0*p. Let s be (-594)/4 + 3/(-2). Let d = -33 - s. Calculate the remainder when d is divided by p.
27
Let r(n) = 28*n - 37. Let l be r(5). Let p = l + -100. Calculate the remainder when 42 is divided by p.
0
Suppose 15*c = 311 + 334. Calculate the remainder when 66 is divided by c.
23
Let q = 1087 + -995. Calculate the remainder when q is divided by 19.
16
Suppose -18*u + 11*u = -714. Let i = u - 48. Calculate the remainder when i is divided by 12.
6
Let a = -481 - -512. Calculate the remainder when (-4)/(-4) + -4 + 125 is divided by a.
29
Let f = -805 + 818. What is the remainder when 31 is divided by f?
5
Suppose 7*p + 12 = 432. Calculate the remainder when 115 is divided by p.
55
Suppose -21*o + 14*o = -42. What is the remainder when 28 is divided by o?
4
Suppose -a - 4*m + 2*m + 6 = 0, 40 = 3*a - 5*m. Suppose 0*d - 3*d + 24 = -p, -3*p - 72 = 3*d. Let r = p - -82. Calculate the remainder when r is divided by a.
8
What is the remainder when (-36)/(-6) + 1 - -590 is divided by 50?
47
Let b = 5 + 39. Let z = -526 - -529. Suppose z*u - b = u. Calculate the remainder when 41 is divided by u.
19
Suppose -5*b - 5*t + 5 = 0, 2*t + 17 = 2*b + t. Suppose b*x = 3*x - 81. Let z = 28 + x. What is the remainder when 3 is divided by z?
0
Let h(q) = q + 18. Suppose -3*v - 13 = -2*k + 5, k - 2*v = 7. Calculate the remainder when h(k) is divided by 9.
6
Let x = 13 + -89. Let w = -65 - x. Calculate the remainder when 1/(-3*(-2)/192) is divided by w.
10
Let x = 47 - 30. Calculate the remainder when 84 is divided by x.
16
Suppose r + 20 = 2*r. Suppose -297 = -5*w + 2*a, 3*w = 2*w - 3*a + 56. What is the remainder when w is divided by r?
19
What is the remainder when 118 is divided by 3/(-4)*(-264)/6?
19
Let m be (-1 - 0)*(-1 + -2). Suppose -2*s = -6*s + 2*a, 0 = m*s - a - 2. Suppose 0 = -i + s*i - 9. Calculate the remainder when i is divided by 3.
0
Suppose 9*p - 303 = -159. What is the remainder when 93 is divided by p?
13
What is the remainder when 104 is divided by 219/6 - 21/14?
34
Calculate the remainder when 117 is divided by 3*7/(-7)*-4.
9
Let d = -29 + 224. Calculate the remainder when d is divided by 28.
27
Let y = 148 + -26. Suppose 0 = 2*t + 3*s - 71, 0 = s - 5*s + 12. Calculate the remainder when y is divided by t.
29
Let n = -165 - -288. What is the remainder when n is divided by 4?
3
Let g = -5 - -23. Suppose -c = c + g. Let j = c + 34. Calculate the remainder when j is divided by 14.
11
Suppose 1047 = 8*s - 8193. What is the remainder when s is divided by 61?
57
Suppose 3*m - 9 = 0, -9 = -g - m + 19. What is the remainder when g is divided by 14?
11
Let h(y) = y - 1. Suppose -3*m = -3*l + 9, -3*l + 8 + 1 = 0. Let x be h(m). Calculate the remainder when 111 is divided by (-70)/(-5)*(1 - x).
27
Suppose -4*d = 3*t - 86, -4*t + 4*d = -36 - 88. What is the remainder when ((-144)/t)/(2/(-20)) is divided by 17?
14
Let t = 0 + 63. Suppose t = 4*w + f + 16, 0 = 3*w - f - 44. What is the remainder when w is divided by (-651)/(-91) + (-16)/104?
6
What is the remainder when 37 is divided by (-2 + 143/(-13))*(-8)/4?
11
Let h be ((-1)/2)/(3/6). Calculate the remainder when (-12)/(3 - h) + 60 is divided by (-2)/(2 - 1) - -17.
12
Suppose 74*n - 24*n - 3600 = 0. Calculate the remainder when 575 is divided by n.
71
Suppose 5*m - 592 = l - 4*l, -4*l = m - 778. What is the remainder when l is divided by 39?
38
Suppose b + 2*h = -3*b - 504, 246 = -2*b - 4*h. Let k = 142 + b. Suppose -2*m = -m - 87. Calculate the remainder when m is divided by k.
12
Suppose 0 = -r + 3*p + 22, 3*r - 2*p = 111 - 24. Suppose -43 = -2*k + 53. Let c = 65 - k. Calculate the remainder when r is divided by c.
14
Let u = 415 - 402. What is the remainder when 58 is divided by u?
6
Suppose 3 = 3*y, 0 = -2*k - 3*k - 4*y + 414. Let c = 17 - 39. Let g = 43 + c. What is the remainder when k is divided by g?
19
Let l(a) = 6*a + 3. Let g be l(-4). Let c = 34 - g. Calculate the remainder when c is divided by (-1 - (0 + 18 + 0))*-1.
17
Let y = -96 + 139. Suppose 0 = -j - 5, -j = 4*r + y - 314. Suppose 3*p + 19 = o, -o - 76 = -5*o + 5*p. What is the remainder when r is divided by o?
12
What is the remainder when 86 is divided by 25 + 2 + (7 - 7)?
5
What is the remainder when 103 is divided by (-132)/(-18) + -7 - 26/(-3)?
4
Let k be 2/(2 - 4) - -10. Suppose 5*i + 128 = k*i. What is the remainder when 158 is divided by i?
30
Let y = -406 + 409. What is the remainder when 48 is divided by y?
0
Let i = -1072 + 1797. Calculate the remainder when i is divided by 52.
49
Suppose -230 = -4*l - 5*n - 66, 4*l - 140 = n. What is the remainder when 104 is divided by l?
32
Suppose -6*w = -w - 45. Let v = 15 - w. Calculate the remainder when 23 is divided by v.
5
Suppose m = 5*s + 4*m - 32, 5*m - 28 = -2*s. Suppose 4*t = -4*n + 384, 3*n - 3*t + 100 = s*n. Let q = -49 + n. Calculate the remainder when q is divided by 12.
9
Let c(j) = -j + 1. Let d be c(-1). Suppose -6*m + d*m = -16. Suppose 20 = m*x + h - 5, -2*x - 4*h + 2 = 0. What is the remainder when 26 is divided by x?
5
Suppose w = 3 - 4, -321 = -5*g + w. What is the remainder when g is divided by 33 + 1 - (-2)/(-2)?
31
Let x(n) = n**3 - 11*n**2 + n - 8. Let v be x(11). Suppose v*b - 17 = -71. What is the remainder when 54 is divided by b/(-45) + (-68)/(-5)?
12
Suppose 4*w - 5*a = 5, 4*a + 2 = -2. Suppose w = -12*l + 609 + 423. Calculate the remainder when l is divided by 15.
11
Suppose -9*b = -4*b - 95. Calculate the remainder when (-12)/2 - (-4 + 1) - -39 is divided by b.
17
Let t = -10 - -13. Calculate the remainder when 73 is divided by (t/4)/3 - (-747)/36.
10
Let f(m) = 6*m + 6. Let w be f(6). Let c = w + -2. Suppose 2*x - 2*h - 24 = 0, 0 = -4*x + 5*h + 16 + 30. Calculate the remainder when c is divided by x.
12
Let j = 47 - 30. Let z = 192 + -269. Let w = 125 + z. Calculate the remainder when w is divided by j.
14
Let u be (0 - 5)/(3 + 100/(-35)). Let k = -1 - u. Calculate the remainder when k is divide